*d**3/2 + 3*d**2 - 2*d. Let n(m) be the first derivative of z(m). Is n(-17) prime?
True
Let u(b) = -1071*b - 820. Is u(-5) a prime number?
False
Let b = 7038 - 4117. Is b a prime number?
False
Let i = 543 + -303. Suppose a - i = -55. Is a a composite number?
True
Let t = 10 + -4. Suppose -14 = -2*l + t. Is 4704/20 - 2/l composite?
True
Suppose 2*r = -1 - 3, 10 = 3*v - 2*r. Is -8 + 682 - (v - 1) a composite number?
False
Let i(m) = 27*m**2 - 24*m + 19. Is i(-10) composite?
True
Let v be ((-40)/(-3))/((-2)/(-6)). Suppose 6 = 7*c - 6*c. Suppose c*d = 2*d + v. Is d a prime number?
False
Let m(f) = 2*f**2 + 3*f - 1. Let v be m(-3). Suppose 0 = 3*d - v*d + 20885. Is d a prime number?
True
Let j be (-33 - -12)*(-1)/3. Let k(w) = 4*w**3 + 8*w**2 + 5*w - 22. Is k(j) a prime number?
True
Suppose -1 = 2*d + 7. Is d/(-6)*(-2109)/(-2) prime?
False
Let s(w) = -8*w + 5. Let c be s(-2). Suppose -26*n + 1005 = -c*n. Is n composite?
True
Let m(o) = 61*o**2 - 9*o + 5. Suppose 3*b = -3*c, 4*b = -c + 2*b - 3. Is m(c) a composite number?
True
Let h be (-17)/(-3) - (-6)/(-9). Let y(f) = 31*f**2 - 12*f + 4. Is y(h) a composite number?
False
Is (242/33)/(((-42)/17541)/(-7)) prime?
False
Let d(y) = -3251*y - 19. Let g(f) = -3250*f - 19. Let o(q) = 7*d(q) - 6*g(q). Let l be o(9). Is (-8)/(-36) - l/36 a prime number?
False
Suppose -3*g + g = -8. Suppose -2*w = -g*w + 238. Is w composite?
True
Suppose 285*r = 296*r - 93049. Is r prime?
False
Let a = 7795 - 2278. Is (-1)/(3/a*-3) composite?
False
Suppose -5*a - 640968 = u - 0*u, -3*a + 4*u = 384567. Is a/(-91) + (1 - (-5)/(-7)) composite?
False
Let y(l) = 23*l**3 - 2*l**2 + 1. Let s(m) = -4*m - 1. Let w be s(-2). Let j = w + -5. Is y(j) a composite number?
True
Suppose 11*j + 2*j + 546 = 0. Is (-3)/j*4 + 3759/49 prime?
False
Suppose 467160 = 43*f - 449299. Is f prime?
True
Let s be (156/4)/((-12)/(-8)). Suppose a = 6 + s. Suppose -a*q + 35*q - 57 = 0. Is q composite?
False
Let f = 5740 + -3261. Is f composite?
True
Let c = 1 - -5. Suppose -4*a = -2*s - 3*s - c, -2*a + 8 = 0. Suppose -67 = -i - 3*l, s*i + l - 154 = -0. Is i composite?
False
Let o be -21 + 12 - 4*1. Is (-26)/o*(-1583)/(-2) a prime number?
True
Let k = 15709 + -9906. Is k prime?
False
Is 1*(9 + 1903) - 11 a prime number?
True
Suppose -940 = -r - 5*w + 8296, -2*r = -2*w - 18436. Is r a prime number?
True
Let s be 20/8*(-4 - -2). Let w = 200 - s. Is w a prime number?
False
Is (-2 - (-11375)/(-15))/((-4)/12) a composite number?
False
Let x(i) = 9*i + 12. Let d be x(4). Let v = -13 + d. Is v prime?
False
Suppose -9*x - 2*m = -14*x + 34031, -4*m + 34013 = 5*x. Is x composite?
True
Suppose -49550 - 39362 = -16*s. Is s a prime number?
True
Let w = 5625 - 494. Is w composite?
True
Let k(t) = 17*t + 655. Is k(0) a prime number?
False
Let h = 61 - 57. Let v(x) = 168*x + 7. Is v(h) a prime number?
False
Is (-3 + -1)*1766094/(-264) a prime number?
True
Let d = -62780 - -88639. Is d composite?
True
Let f(k) = -69*k - 4. Let z be f(-12). Let w be 662/(-3)*12/8. Let x = z + w. Is x prime?
False
Let f = 34 - 23. Let u = -8 + f. Suppose -u*n + 556 = -53. Is n a prime number?
False
Let r = 6 - 2. Let k be 423/r + (-51)/68. Suppose 3*q + 2*q - k = 0. Is q composite?
True
Suppose 13400 = 4*p + 4*r, -4*p - r + 1659 + 11729 = 0. Suppose q = -z + p, 4*z - 10437 + 396 = -3*q. Is q composite?
False
Suppose -2*h - 994 = -7*u + 3*u, 3*u - 729 = -4*h. Suppose 2*f = 861 - u. Is f a composite number?
False
Let k(g) = 2*g**2 - 3*g + 3. Let t be k(2). Let i = 0 + t. Is ((-209)/(-2))/(i/10) prime?
False
Let g = 105 - -444. Suppose -1542 = -3*h - g. Is h a prime number?
True
Let q = -803 + 1480. Is q composite?
False
Suppose 12 = 4*u - 12. Suppose -u*j = -j - 2155. Is j composite?
False
Suppose 3555 = 3*b + 3*o, -5*b = 3*o - 2*o - 5933. Is b a composite number?
False
Let k(m) be the third derivative of 7*m**5/60 - 3*m**4/8 + 13*m**3/6 + 4*m**2. Is k(-6) composite?
True
Let j be (-16 + 11)*-1*1. Suppose -f = -2*o + 5*o - 81, o - 3 = 0. Suppose f = j*s - 518. Is s composite?
True
Suppose 11 = -n + 5*p - 1, 6 = 2*p. Suppose 0 = 4*f + n*h - 4*h - 4468, 5*h = 0. Is f a composite number?
False
Suppose 3*s = 4*o - 1, -3*s + 0*s = -o - 11. Suppose o = -4*j, 5*d + 2*j + 14 = 3*j. Let k(n) = -104*n + 5. Is k(d) prime?
True
Let j(m) = -426*m**3 - 5*m + 1. Is j(-2) prime?
False
Suppose 74127 = -8*a + 197335. Is a a prime number?
True
Let k = -874 + -539. Let n = k - -2798. Is n prime?
False
Let v be 1/(1/22) - -2. Suppose 0 = -b + 2*t + 15, t = -2*b + 4*b - v. Is b a composite number?
False
Let n be 3 - (1/(-3) + 250/30). Let u(q) be the first derivative of -q**4/2 + 7*q**3/3 + 3*q**2 + 2*q + 1. Is u(n) a composite number?
False
Suppose 3*z + z + 6 = -2*c, -3*c + 27 = -3*z. Let h be (2/z - -1)*2. Is 0 - (h + (-22)/2) composite?
True
Let i(d) = 17*d**2 + 7 + 8*d - 2*d**3 + 0*d**3 - 2*d**3 + 3*d**3. Let z(q) = q**3 - 4*q**2 + 4*q - 6. Let a be z(4). Is i(a) a composite number?
False
Let s(w) = w**3 + w**2 - 2*w. Let g be s(2). Suppose 3*r = -r + g. Suppose r*v + 4*n - 724 - 6 = 0, -368 = -v - 3*n. Is v prime?
True
Let s = 568 + 8. Let c = s + -257. Is c a prime number?
False
Let q be (-1 - 2516)*1/(-3). Let g = q - 468. Is g prime?
False
Let m(k) = 90*k + 69. Is m(18) composite?
True
Let s be ((-18)/(-8) - 3)*-4. Suppose -6*q - s*q + 1719 = 0. Is q a prime number?
True
Let g be (-3 - (-10)/4)*0. Let s(d) = d + 51. Let j be s(g). Let p = 0 + j. Is p prime?
False
Is 49116/10 - (-96)/(-160) a composite number?
True
Suppose 3*c + 25 = -2*c, -4*c = -3*z + 6629. Is z prime?
True
Let u = -182446 - -273345. Is u a composite number?
True
Let q = -155541 - -224344. Is q composite?
True
Let o = 1715 - 1110. Suppose -r + 794 = -o. Is r composite?
False
Suppose 96392 = 6*w - 23302. Is w a composite number?
False
Let p(u) = u**3 + 5*u**2 - 6*u + 12. Let m(c) = c**3 + 6*c**2 - 6*c + 13. Let n(x) = 2*m(x) - 3*p(x). Is n(-8) composite?
True
Suppose -5*h = -3*f - 10366, -2*h + 2*f + 0*f = -4144. Suppose h = r - 6*r. Let c = r + 626. Is c a composite number?
False
Let f(r) = -32*r**3 - 2*r**2 + 27*r + 214. Is f(-9) composite?
True
Let z(y) = -y**3 - y**2 - 115*y + 21. Is z(-16) prime?
True
Suppose 72 = 2*u - 270. Suppose 2*l = a - 639, -5*a = -2*l - u - 2992. Is a a prime number?
True
Let y = 1716 + -912. Is (y/18)/(4/6) composite?
False
Let r(y) = -2*y**3 - 5*y**2 - y + 6. Let z be r(-3). Let h(c) = 2*c**2 - 24*c - 11. Is h(z) prime?
False
Let v(u) = 120*u + 22. Let j(z) = -240*z - 45. Let b(s) = -3*j(s) - 5*v(s). Is b(6) a prime number?
False
Let h(b) = b**3 + 17*b**2 - 6*b + 5. Let p = -5 + 7. Let o = -10 - p. Is h(o) a composite number?
False
Let f(l) = -l**3 + 3*l**2 + 4*l + 2. Suppose -j = x, -35 = -3*x + 3*j - 11. Let w be f(x). Suppose -w*t + 0*t = -212. Is t a prime number?
False
Let z = 15 + -11. Suppose a + z = 0, 2*w - 12 = 3*a - a. Suppose -w*d - 3*d = 3*i - 286, -4*d = 4. Is i composite?
False
Let f be (-1 + 2)/(-7 - -6). Is ((-1780)/(-16) - f)*4 prime?
True
Let f = -16 + 9. Let u(h) = -30*h + 2. Let c(s) = 61*s - 5. Let i(n) = f*u(n) - 3*c(n). Is i(2) a prime number?
False
Let y(r) = -423 - 8*r**2 - 3*r**3 + 3*r**2 - 7*r**2 + 418 - 3*r. Is y(-8) a composite number?
False
Let n(u) = 3*u**2 + u + 9. Suppose 0 = 4*m + 4*t, -m + 0*m - 6 = 3*t. Suppose -3*d + 3*y + 17 = -19, 5*d = -m*y + 20. Is n(d) a prime number?
True
Let a be (-2)/(-8) + 23/4. Let q = 219 - a. Suppose 4*d + r = 760, 5*r + 42 = -d + q. Is d composite?
False
Let c(w) = 5*w**2 - 86*w + 34. Is c(25) a composite number?
False
Let z = -631 - -197. Let k = 1368 + z. Is k a prime number?
False
Is (-122)/549 - 221440/(-18) prime?
False
Let i be 8/1 + (-2)/1. Let u(v) = -v**3 - 2*v**2 + 4*v + 3. Let w be u(-3). Suppose w = s - i*s + 70. Is s prime?
False
Suppose 20 = 4*n, 0*w + 4*w - 2*n = -2. Suppose w*f + 4 - 63 = 3*s, 0 = 5*s + 2*f + 109. Let x = 58 + s. Is x a prime number?
True
Suppose 70*u - 108616 = 62*u. Is u a composite number?
False
Suppose -10*n - 901 = 15569. Let w = 4420 + n. Is w prime?
False
Suppose 0 = 4*j - 3*w - 19, 4 - 13 = -3*j - 3*w. Suppose 88 = j*r - 420. Is r composite?
False
Is 16975/15 + (-5 - (-95)/15) composite?
True
Let a(d) = -6*d**2 - 7. Let z be a(-6). Let c = 880 - 434. Let v = c + z. Is v a prime number?
True
Suppose